s -112234 - -1115?
-111116
In base 14, what is -5 - -646ac?
646a7
In base 15, what is -12cb98 + -6?
-12cb9e
In base 10, what is 797152 + -49?
797103
In base 13, what is b330467 - 16?
b330451
In base 12, what is 1631 - -50719?
5214a
In base 16, what is -2 + b024e?
b024c
In base 15, what is 5c5 + c688e?
c6e64
In base 11, what is 40988301 + 0?
40988301
In base 11, what is 50 - -4543373?
4543413
In base 8, what is 6 - -3432722?
3432730
In base 15, what is 30a5427 - -2?
30a5429
In base 9, what is 42 + 301717?
301760
In base 5, what is 14341024 - -32003?
14423032
In base 2, what is -101001100000000111111000111 + 1?
-101001100000000111111000110
In base 3, what is -2 - -111120220122011110?
111120220122011101
In base 14, what is -243 - -3dd83?
3db40
In base 3, what is 21122020112 + -12112?
21122001000
In base 9, what is -271132 - 506?
-271638
In base 10, what is 7549591 + -3?
7549588
In base 12, what is 23523b2 + -2?
23523b0
In base 15, what is -10e6 + -7ce?
-18c5
In base 13, what is -4b8 + -94021?
-94509
In base 5, what is 1 - 4131133413?
-4131133412
In base 3, what is -22002112221 + 220021?
-22001122200
In base 8, what is -127162 - 40436?
-167620
In base 5, what is 402231142 + -10214?
402220423
In base 3, what is 2201 + -102222120102201?
-102222120100000
In base 14, what is b0 + c0a31?
c0b01
In base 10, what is 1046 + 11431?
12477
In base 5, what is 12101 - -24110444?
24123100
In base 5, what is -404011020 + -2303?
-404013323
In base 11, what is -15 - -563649?
563634
In base 6, what is -452 - -245311543?
245311051
In base 2, what is 100111101010110111110100111 + -100?
100111101010110111110100011
In base 10, what is 583 - -6834?
7417
In base 12, what is 29b1b2 + a1?
29b293
In base 2, what is 1111011010010101010 - -110100?
1111011010011011110
In base 13, what is -22364169 - -1?
-22364168
In base 8, what is 2 + -30354750?
-30354746
In base 2, what is 100000010010011111 + -110000?
100000010001101111
In base 9, what is 10314516 - 10?
10314506
In base 11, what is 565 - 8a73?
-8509
In base 9, what is -246661 - -1217?
-245443
In base 6, what is -2 - -1323141341?
1323141335
In base 15, what is -b028cb9 + -9?
-b028cc3
In base 4, what is 0 - -111233333?
111233333
In base 6, what is -2223520 - 21?
-2223541
In base 6, what is 4 - -12531040533?
12531040541
In base 10, what is -2441007520 - 0?
-2441007520
In base 7, what is 2 - 314312?
-314310
In base 12, what is 12 + -31660b?
-3165b9
In base 11, what is -2609a4a - -12?
-2609a38
In base 9, what is -153541 - -2304?
-151236
In base 10, what is 183937 - 527?
183410
In base 3, what is 1102121 - -1121110?
10001001
In base 15, what is 1ab8 + 396e?
5537
In base 6, what is 34010404 - 0?
34010404
In base 16, what is 2 - 41001c?
-41001a
In base 10, what is 9244601 + -4?
9244597
In base 11, what is -865 + 19753?
18999
In base 15, what is 28b778 - 11?
28b767
In base 6, what is 4 + -3010045?
-3010041
In base 7, what is 2 + -1006441023?
-1006441021
In base 7, what is -5 + -105342455?
-105342463
In base 7, what is -203 - 22156141?
-22156344
In base 14, what is -33629cd - -11?
-33629bc
In base 3, what is -12001 + 10112012222200?
10112012210122
In base 8, what is 45106541 - -7?
45106550
In base 14, what is -82 - 271c88?
-271d2a
In base 10, what is -8 + -12139274?
-12139282
In base 11, what is -3831 - -2383?
-1459
In base 10, what is 56872 + -384?
56488
In base 9, what is -6704 + 405?
-6288
In base 3, what is -2 - -12111100001001?
12111100000222
In base 14, what is 60d + 1857b?
18b8a
In base 10, what is 7 - -1933627?
1933634
In base 14, what is -40ca + 151a?
-29b0
In base 2, what is 100000110010101001 + -10010?
100000110010010111
In base 7, what is -5255 + -536530?
-545115
In base 4, what is -2101123302 - 2120?
-2101132022
In base 14, what is -2a34d8 - 161?
-2a3659
In base 14, what is -8ba - -14094?
135b8
In base 4, what is 111323220101033 - 3?
111323220101030
In base 8, what is 73 - -1063107?
1063202
In base 3, what is 10 - -21002211222102?
21002211222112
In base 6, what is 354 + 1144341?
1145135
In base 15, what is 5 + -2ab38c1?
-2ab38bb
In base 2, what is -1011111100101001010010 - 100?
-1011111100101001010110
In base 13, what is b9 + -30623?
-30537
In base 9, what is 0 + -20114541?
-20114541
In base 10, what is 1384485166 + 4?
1384485170
In base 7, what is -3526 - -13632?
10103
In base 14, what is 46 - 6328?
-62c2
In base 4, what is 2130 + -2012102302?
-2012100112
In base 9, what is 205204 + 82?
205286
In base 16, what is -3 + 3c0dea?
3c0de7
In base 3, what is -211112122012 - -1?
-211112122011
In base 3, what is 122 + -1022021201012?
-1022021200120
In base 10, what is -9491928 - 6?
-9491934
In base 3, what is 1221102 - -2102120?
11100222
In base 7, what is 236146 - -4046?
243225
In base 2, what is 100101 - 10100000011010001111?
-10100000011001101010
In base 14, what is 13b0708 + 5?
13b070d
In base 11, what is 2a908 + -133a?
29579
In base 5, what is -201040302 - 120?
-201040422
In base 10, what is -25 - 4036098?
-4036123
In base 11, what is 530093 + -1?
530092
In base 7, what is -135512361 - -2?
-135512356
In base 11, what is -3661 - -6373a?
60089
In base 11, what is -56945 - 102?
-56a47
In base 3, what is 122022 - -1120010222?
1120210021
In base 11, what is -59 - -276a30?
276982
In base 3, what is 2202210222 + 10021222?
2220002221
In base 15, what is b70e + 3ac?
babb
In base 2, what is -1101011111001 + -100101101101?
-10010001100110
In base 16, what is 45d + -519?
-bc
In base 4, what is -12122 + -10201020?
-10213202
In base 3, what is -121011102112211 - -201?
-121011102112010
In base 12, what is -59b - 9786a?
-98249
In base 6, what is 2442012 + -342?
2441230
In base 9, what is 277868 - 230?
277638
In base 13, what is 90 + 399a75?
399b35
In base 3, what is 100022 - 211100202222?
-211100102200
In base 5, what is -33030 + -131?
-33211
In base 7, what is -43554 + 216166?
142312
In base 16, what is -11 - 13a944?
-13a955
In base 2, what is -1001000111 + 100110001000100001010?
100110000111011000011
In base 5, what is 3 - -13013123?
13013131
In base 11, what is -21790a + 64?
-217856
In base 9, what is -2 + -11214533?
-11214535
In base 5, what is -124010413 - -31024?
-123424334
In base 10, what is 2737385 + -30?
2737355
In base 5, what is 1124 + 4233144200?
4233200324
In base 5, what is -411 - -142023212?
142022301
In base 15, what is -716 + -759?
-e70
In base 16, what is 126ee + 1e?
1270c
In base 7, what is -63230 + -114?
-63344
In base 3, what is 2020122022221 - 20?
2020122022201
In base 2, what is -1100100110010 + -1000110011111?
-10101011010001
In base 9, what is -61010 - 25?
-61035
In base 10, what is 8957 + 14638?
23595
In base 8, what is 2 + 72114704?
72114706
In base 7, what is 305640 + 265?
306235
In base 2, what is 1010000100010100 + 101000100?
1010001001011000
In base 6, what is 1103041521 + -32?
1103041445
In base 8, what is 1 - -703732055?
703732056
In base 12, what is 486a5a6 + -4?
486a5a2
In base 10, what is -19655521 - -1?
-19655520
In base 9, what is 23403 + 23802?
47305
In base 5, what is -334030 + -32233?
-421313
In base 12, what is -18 - 51b260?
-51b278
In base 12, what is 715 + -a740?
-a027
In base 3, what is 22 + 20010112100100?
20010112100122
In base 10, what is 13162 + -11875?
1287
In base 2, what is -111 - 11110111100000100100110100?
-11110111100000100100111011
In base 4, what is 12021 - 212233332?
-212221311
In base 13, what is 247 - -4068?
42b2
In base 13, what is -126c8b430 + 1?
-126c8b42c
In base 15, what is -7513 + 226?
-72dc
In base 11, what is 1 + -8312aa?
-8312a9
In base 15, what is -788b4b - 3?
-788b4e
In base 3, what is -1 - 10022110121112?
-10022110121120
In base 15, what is -7624 - 13?
-7637
In base 11, what is -9 - -133a32?
133a24
In base 4, what is -113202023213 - -3?
-113202023210
In base 9, what is -30754612 - 46?
-30754658
In base 9, what is -5 - 1837431?
-1837436
In base 5, what is -34212 - -4340031?
4300314
In base 2, what is -10001001110111001100101001001 + 10?
-10001001110111001100101000111
In base 4, what is -102131 + 332331132?
332223001
In base 14, what is 78 - 3add87?
-3add0d
In base 7, what is -2363 + 41553?
36160
In base 2, what is 10000 + -11101011100011101010?
-11101011100011011010
In base 9, what is -36436515 - -6?
-36436508
In base 5, what is 213230033 - 22?
213230011
In base 13